{"id":5,"date":"2024-07-01T13:11:40","date_gmt":"2024-07-01T11:11:40","guid":{"rendered":"https:\/\/ita-staging.de\/zes\/muenchen\/?page_id=5"},"modified":"2025-12-10T10:21:29","modified_gmt":"2025-12-10T09:21:29","slug":"startseite","status":"publish","type":"page","link":"https:\/\/endokrinologie.bayern\/analysenlabor\/","title":{"rendered":"Startseite"},"content":{"rendered":"\r\n\r\n    <div  class=\"header-standort-block background\">\r\n      <div class=\"column-head\">\r\n                <div class=\"content\">\r\n                                <p>Unser Analysenlabor am Standort M\u00fcnchen widmet sich den Untersuchungen von Hormonen, Stoffwechselparametern, Lipiden und anderen Spezialparametern.<\/p>\r\n                                 <a href=\"https:\/\/endokrinologie.bayern\/analysenlabor\/leistungen\/\" class=\"btn-primary\" target=\"_self\">\r\n              Zum Leistungsspektrum              <img decoding=\"async\" src=\"https:\/\/endokrinologie.bayern\/analysenlabor\/wp-content\/themes\/zes_theme\/images\/btn-next-black.svg\" alt=\"btn next\" title=\"btn next\">\r\n             <\/a>\r\n                  <\/div>\r\n        \r\n          \r\n                    <img decoding=\"async\" src=\"https:\/\/endokrinologie.bayern\/analysenlabor\/wp-content\/uploads\/sites\/9\/2025\/08\/analysenlabor-header.jpg\" alt=\"\" title=\"analysenlabor-header\">\r\n              <\/div>\r\n\r\n      <div class=\"column-standorte\">\r\n          <div class=\"icon\">\r\n            <img decoding=\"async\" src=\"https:\/\/endokrinologie.bayern\/analysenlabor\/wp-content\/themes\/zes_theme\/images\/standort.svg\" alt=\"standorte-icon\" title=\"standorte\">\r\n            <p>Kontakt<\/p>\r\n          <\/div>\r\n          <div class=\"kontakt\"> \r\n                          <h1>Hormone im Gleichgewicht \u2013 Zentrum f\u00fcr Endokrinologie und Stoffwechsel \u2013 Analysenlabor<\/h1>\r\n                        <p>Nordendstra\u00dfe 62<br \/>\n80801 M\u00fcnchen<\/p>\n<p>E-Mail: info@zes-muc.de<\/p>\n<p><strong>\u00d6ffnungszeiten auf Anfrage<\/strong><\/p>\n          <\/div>\r\n          <div class=\"zeiten\" x-data=\"{ }\">\r\n            <!-- <div class=\"icon\">\r\n              <img decoding=\"async\" src=\"\/images\/icon-clock.svg\" alt=\"standorte-icon\" title=\"standorte\">\r\n              <p>\u00d6ffnungszeiten<\/p> \r\n            <\/div> -->\r\n\r\n            \r\n            \r\n            \r\n          <\/div>\r\n      <\/div>  \r\n    <\/div>\r\n\r\n\n\n\r\n\r\n    <div  class=\"text-block  \">\r\n      <div class=\"layout-s\">\r\n                  <p class=\"overline\">\r\n            Wir bringen Ihre Hormone ins Gleichgewicht          <\/p>\r\n                                            <div class=\"content \">\r\n            <div class=\"col\">\r\n              <h3>Herzlich willkommen im Zentrum f\u00fcr Endokrinologie und Stoffwechsel &#8211; Analysenlabor<\/h3>\n<p>Das Analysenlabor M\u00fcnchen wird geleitet durch Prof. Dr. med. Christian Seifarth.<\/p>\n<p>Unser Analysenlabor ist die zentrale Diagnostikstelle f\u00fcr endokrinologische Fragestellungen. Ein spezialisiertes Team stellt qualitativ hochwertige, standardisierte und nachvollziehbare Hormonanalysen sicher.<\/p>\n<p>Wir bieten Praxen, \u00c4rzten und Patienten eine Labordiagnostik, die das Angebot traditioneller Labore weit \u00fcbersteigt.<\/p>\n<p>Es findet eine enge fach\u00e4rztliche Beratung und Beurteilung statt, da Befunde in der Endokrinologie immer im Kontext interpretiert werden m\u00fcssen. Unser \u00c4rzteteam hat langj\u00e4hrige Erfahrung in der Diagnostik und Therapie von Patienten mit endokrinologischen Erkrankungen.<\/p>\n<p>Unter dem Men\u00fcpunkt <a href=\"https:\/\/endokrinologie.bayern\/analysenlabor\/leistungen\/\">Leistungsverzeichnis<\/a> finden Sie einen \u00dcberblick \u00fcber unser Spektrum, das wir an unserem Standort M\u00fcnchen f\u00fcr Sie anbieten.<\/p>\n            <\/div> \r\n                      <\/div> \r\n                \r\n                \r\n        \r\n        \r\n\r\n      <\/div>\r\n    <\/div>\r\n\r\n\n\n\r\n\r\n    <div  class=\"text-block  mt0\">\r\n      <div class=\"layout-s\">\r\n                  <p class=\"overline\">\r\n            Unser Fachteam          <\/p>\r\n                                            <div class=\"content \">\r\n            <div class=\"col\">\r\n              <h3>Spezialisten f\u00fcr Endokrinologie und Stoffwechsel in M\u00fcnchen<\/h3>\n<p>Unser Team aus erfahrenen \u00c4rzten und medizinischem Fachpersonal<br \/>\nsteht Ihnen zur Seite, um umfassende L\u00f6sungen f\u00fcr alle Bereiche der Endokrinologie und Stoffwechsel zu bieten.<\/p>\n            <\/div> \r\n                      <\/div> \r\n                \r\n                \r\n        \r\n                  <a href=\"https:\/\/endokrinologie.bayern\/analysenlabor\/team\/\" class=\"btn-primary\">\r\n            Zu unserem Team            <img decoding=\"async\" src=\"https:\/\/endokrinologie.bayern\/wp-content\/themes\/zes_theme\/images\/btn-next.svg\" alt=\"btn next\" title=\"btn next\">\r\n          <\/a>\r\n        \r\n\r\n      <\/div>\r\n    <\/div>\r\n\r\n\n\n\r\n\r\n    <div  class=\"image-slider-text-block\">\r\n      <div class=\"layout\">\r\n\r\n                  <h3>Unser Analysenlabor<\/h3>\r\n        \r\n        <div class=\"image-slider-text-wrapper\">\r\n           \r\n          <div class='swiper image-slider-text'> \r\n            <div class='swiper-wrapper'>\r\n                              <div class='item swiper-slide'>\r\n                  <img src='https:\/\/endokrinologie.bayern\/analysenlabor\/wp-content\/uploads\/sites\/9\/2025\/08\/slide-1.jpg' alt='' title='slide-1'>\r\n                <\/div> \r\n                              <div class='item swiper-slide'>\r\n                  <img src='https:\/\/endokrinologie.bayern\/analysenlabor\/wp-content\/uploads\/sites\/9\/2025\/08\/slide-3.jpg' alt='' title='slide-3'>\r\n                <\/div> \r\n                              <div class='item swiper-slide'>\r\n                  <img src='https:\/\/endokrinologie.bayern\/analysenlabor\/wp-content\/uploads\/sites\/9\/2025\/08\/slide-4.jpg' alt='' title='slide-4'>\r\n                <\/div> \r\n                              <div class='item swiper-slide'>\r\n                  <img src='https:\/\/endokrinologie.bayern\/analysenlabor\/wp-content\/uploads\/sites\/9\/2025\/08\/slide-5.jpg' alt='' title='slide-5'>\r\n                <\/div> \r\n                              <div class='item swiper-slide'>\r\n                  <img src='https:\/\/endokrinologie.bayern\/analysenlabor\/wp-content\/uploads\/sites\/9\/2025\/08\/slide-7.jpg' alt='' title='slide-7'>\r\n                <\/div> \r\n                              <div class='item swiper-slide'>\r\n                  <img src='https:\/\/endokrinologie.bayern\/analysenlabor\/wp-content\/uploads\/sites\/9\/2025\/08\/slide-8.jpg' alt='' title='slide-8'>\r\n                <\/div> \r\n                            <\/div>\r\n            <div class=\"swiper-pagination\"><\/div>\r\n          <\/div>\r\n             \r\n\r\n          <div class=\"content\">\r\n            <p>Unser Labor liegt gut erreichbar in M\u00fcnchen-Schwabing-West und befindet sich in der Nordendstra\u00dfe 62 in 80801 M\u00fcnchen.<br \/>\nMehrmals in der Woche findet ein Probentransport von den bayernweiten Standorten in das Labor statt. Dies gew\u00e4hrleistet eine z\u00fcgige und effiziente Bearbeitung der Proben.<\/p>\n          <\/div>\r\n        <\/div>\r\n\r\n        <div class='image-slider-text-nav'>\r\n          <div class='swiper-button-prev'><\/div>\r\n          <div class='swiper-button-next'><\/div>\r\n        <\/div>\r\n\r\n      \r\n      <\/div>\r\n    <\/div>\r\n\r\n\n\n\r\n\r\n    <div  class=\"text-block  mt0\">\r\n      <div class=\"layout-s\">\r\n                  <p class=\"overline\">\r\n            Endokrinologie und Stoffwechsel          <\/p>\r\n                                            <div class=\"content \">\r\n            <div class=\"col\">\r\n              <h3>Ihre Spezialisten f\u00fcr hormonelle Gesundheit in M\u00fcnchen<\/h3>\n<p>Unser Labor ist mit modernster Ger\u00e4tetechnik von verschiedenen Herstellern ausgestattet. Es kommen Analyseger\u00e4te zum Einsatz, um stets pr\u00e4zise und zuverl\u00e4ssige Ergebnisse zu gew\u00e4hrleisten. Unsere engagierten LabormitarbeiterInnen arbeiten nach h\u00f6chstem Sorgf\u00e4ltigkeitsstandard und mit Leidenschaft und viel Motivation. Somit ist eine optimale Qualit\u00e4t unserer Laboruntersuchungen gew\u00e4hrleistet.<\/p>\n            <\/div> \r\n                      <\/div> \r\n                \r\n                \r\n        \r\n                  <a href=\"https:\/\/endokrinologie.bayern\/analysenlabor\/leistungen\/\" class=\"btn-primary\">\r\n            Zum Leistungsspektrum            <img decoding=\"async\" src=\"https:\/\/endokrinologie.bayern\/wp-content\/themes\/zes_theme\/images\/btn-next.svg\" alt=\"btn next\" title=\"btn next\">\r\n          <\/a>\r\n        \r\n\r\n      <\/div>\r\n    <\/div>\r\n\r\n\n\n\r\n\r\n    <div  class=\"standort-list-block\" style=\"background:#EFEFEF;\" >\r\n      <div class=\"layout-s\">\r\n                   <h3>Finden Sie hochqualifizierte Unterst\u00fctzung bei Hormon- und Stoffwechselproblemen an unseren Standorten in Bayern und Baden-W\u00fcrttemberg<\/h3>\r\n                 \r\n            <div class=\"standorte\"> \r\n                            <div class=\"list\"> \r\n                <div class=\"standort\">\r\n                  <img decoding=\"async\" src=\"https:\/\/endokrinologie.bayern\/analysenlabor\/wp-content\/themes\/zes_theme\/images\/standort.svg\" alt=\"standort\">\r\n                  <a href=\"\/muenchen\" target=\"_self\" class=\"btn-secondary\">\r\n                    M\u00fcnchen\r\n                    <img decoding=\"async\" src=\"https:\/\/endokrinologie.bayern\/wp-content\/themes\/zes_theme\/images\/btn-next-black.svg\" alt=\"btn next\" title=\"btn next\">\r\n                  <\/a> \r\n                <\/div>\r\n                <div class=\"standort\">\r\n                  <img decoding=\"async\" src=\"https:\/\/endokrinologie.bayern\/analysenlabor\/wp-content\/themes\/zes_theme\/images\/standort.svg\" alt=\"standort\">\r\n                  <a href=\"\/ingolstadt\" target=\"_self\" class=\"btn-secondary\">\r\n                    Ingolstadt\r\n                    <img decoding=\"async\" src=\"https:\/\/endokrinologie.bayern\/wp-content\/themes\/zes_theme\/images\/btn-next-black.svg\" alt=\"btn next\" title=\"btn next\">\r\n                  <\/a> \r\n                <\/div>\r\n                <div class=\"standort\">\r\n                  <img decoding=\"async\" src=\"https:\/\/endokrinologie.bayern\/analysenlabor\/wp-content\/themes\/zes_theme\/images\/standort.svg\" alt=\"standort\">\r\n                  <a href=\"\/landshut\" target=\"_self\" class=\"btn-secondary\">\r\n                    Landshut\r\n                    <img decoding=\"async\" src=\"https:\/\/endokrinologie.bayern\/wp-content\/themes\/zes_theme\/images\/btn-next-black.svg\" alt=\"btn next\" title=\"btn next\">\r\n                  <\/a> \r\n                <\/div> \r\n                <div class=\"standort\">\r\n                  <img decoding=\"async\" src=\"https:\/\/endokrinologie.bayern\/analysenlabor\/wp-content\/themes\/zes_theme\/images\/standort.svg\" alt=\"standort\">\r\n                  <a href=\"\/passau\" target=\"_self\" class=\"btn-secondary\">\r\n                    Passau\r\n                    <img decoding=\"async\" src=\"https:\/\/endokrinologie.bayern\/wp-content\/themes\/zes_theme\/images\/btn-next-black.svg\" alt=\"btn next\" title=\"btn next\">\r\n                  <\/a> \r\n                <\/div> \r\n                <div class=\"standort\">\r\n                  <img decoding=\"async\" src=\"https:\/\/endokrinologie.bayern\/analysenlabor\/wp-content\/themes\/zes_theme\/images\/standort.svg\" alt=\"standort\">\r\n                  <a href=\"\/regensburg-adipositas\" target=\"_self\" class=\"btn-secondary\">\r\n                    Regensburg Adipositas\r\n                    <img decoding=\"async\" src=\"https:\/\/endokrinologie.bayern\/wp-content\/themes\/zes_theme\/images\/btn-next-black.svg\" alt=\"btn next\" title=\"btn next\">\r\n                  <\/a> \r\n                <\/div> \r\n                <div class=\"standort\">\r\n                  <img decoding=\"async\" src=\"https:\/\/endokrinologie.bayern\/analysenlabor\/wp-content\/themes\/zes_theme\/images\/standort.svg\" alt=\"standort\">\r\n                  <a href=\"\/regensburg-dez\" target=\"_self\" class=\"btn-secondary\">\r\n                    Regensburg (DEZ)\r\n                    <img decoding=\"async\" src=\"https:\/\/endokrinologie.bayern\/wp-content\/themes\/zes_theme\/images\/btn-next-black.svg\" alt=\"btn next\" title=\"btn next\">\r\n                  <\/a> \r\n                <\/div> \r\n                <div class=\"standort\">\r\n                  <img decoding=\"async\" src=\"https:\/\/endokrinologie.bayern\/analysenlabor\/wp-content\/themes\/zes_theme\/images\/standort.svg\" alt=\"standort\">\r\n                  <a href=\"\/analysenlabor\" target=\"_self\" class=\"btn-secondary\">\r\n                    Analysenlabor\r\n                    <img decoding=\"async\" src=\"https:\/\/endokrinologie.bayern\/wp-content\/themes\/zes_theme\/images\/btn-next-black.svg\" alt=\"btn next\" title=\"btn next\">\r\n                  <\/a> \r\n                <\/div> \r\n                <div class=\"standort\">\r\n                  <img decoding=\"async\" src=\"https:\/\/endokrinologie.bayern\/analysenlabor\/wp-content\/themes\/zes_theme\/images\/standort.svg\" alt=\"standort\">\r\n                  <a href=\"\/augsburg\" target=\"_self\" class=\"btn-secondary\">\r\n                    Augsburg\r\n                    <img decoding=\"async\" src=\"https:\/\/endokrinologie.bayern\/wp-content\/themes\/zes_theme\/images\/btn-next-black.svg\" alt=\"btn next\" title=\"btn next\">\r\n                  <\/a> \r\n                <\/div> \r\n                <div class=\"standort\">\r\n                  <img decoding=\"async\" src=\"https:\/\/endokrinologie.bayern\/analysenlabor\/wp-content\/themes\/zes_theme\/images\/standort.svg\" alt=\"standort\">\r\n                  <a href=\"\/tuebingen\" target=\"_self\" class=\"btn-secondary\">\r\n                    T\u00fcbingen\r\n                    <img decoding=\"async\" src=\"https:\/\/endokrinologie.bayern\/wp-content\/themes\/zes_theme\/images\/btn-next-black.svg\" alt=\"btn next\" title=\"btn next\">\r\n                  <\/a> \r\n                <\/div> \r\n                <div class=\"standort\">\r\n                  <img decoding=\"async\" src=\"https:\/\/endokrinologie.bayern\/analysenlabor\/wp-content\/themes\/zes_theme\/images\/standort.svg\" alt=\"standort\">\r\n                  <a href=\"\/gruenwald\" target=\"_self\" class=\"btn-secondary\">\r\n                    Gr\u00fcnwald\r\n                    <img decoding=\"async\" src=\"https:\/\/endokrinologie.bayern\/wp-content\/themes\/zes_theme\/images\/btn-next-black.svg\" alt=\"btn next\" title=\"btn next\">\r\n                  <\/a> \r\n                <\/div>    \r\n              <\/div>\r\n            <\/div>\r\n        \r\n      <\/div>\r\n    <\/div>\r\n\r\n","protected":false},"excerpt":{"rendered":"","protected":false},"author":1,"featured_media":0,"parent":0,"menu_order":0,"comment_status":"closed","ping_status":"closed","template":"","meta":{"_acf_changed":false,"footnotes":""},"standort":[],"class_list":["post-5","page","type-page","status-publish","hentry"],"acf":[],"yoast_head":"<!-- This site is optimized with the Yoast SEO plugin v27.4 - https:\/\/yoast.com\/product\/yoast-seo-wordpress\/ -->\n<title>Analysenlabor f\u00fcr Endokrinologie &amp; Stoffwechsel in M\u00fcnchen | ZES<\/title>\n<meta name=\"description\" content=\"Ihr Speziallabor f\u00fcr Hormon-, Stoffwechsel- &amp; Lipidanalysen in M\u00fcnchen. Pr\u00e4zise Diagnostik &amp; Expertenwissen im ZES \u2013 jetzt mehr erfahren!\" \/>\n<meta name=\"robots\" content=\"index, follow, max-snippet:-1, max-image-preview:large, max-video-preview:-1\" \/>\n<link rel=\"canonical\" href=\"https:\/\/endokrinologie.bayern\/analysenlabor\/\" \/>\n<meta property=\"og:locale\" content=\"de_DE\" \/>\n<meta property=\"og:type\" content=\"article\" \/>\n<meta property=\"og:title\" content=\"Analysenlabor f\u00fcr Endokrinologie &amp; Stoffwechsel in M\u00fcnchen | ZES\" \/>\n<meta property=\"og:description\" content=\"Ihr Speziallabor f\u00fcr Hormon-, Stoffwechsel- &amp; Lipidanalysen in M\u00fcnchen. Pr\u00e4zise Diagnostik &amp; Expertenwissen im ZES \u2013 jetzt mehr erfahren!\" \/>\n<meta property=\"og:url\" content=\"https:\/\/endokrinologie.bayern\/analysenlabor\/\" \/>\n<meta property=\"og:site_name\" content=\"Analysenlabor\" \/>\n<meta property=\"article:modified_time\" content=\"2025-12-10T09:21:29+00:00\" \/>\n<meta name=\"twitter:card\" content=\"summary_large_image\" \/>\n<script type=\"application\/ld+json\" class=\"yoast-schema-graph\">{\"@context\":\"https:\\\/\\\/schema.org\",\"@graph\":[{\"@type\":\"WebPage\",\"@id\":\"https:\\\/\\\/endokrinologie.bayern\\\/analysenlabor\\\/\",\"url\":\"https:\\\/\\\/endokrinologie.bayern\\\/analysenlabor\\\/\",\"name\":\"Analysenlabor f\u00fcr Endokrinologie & Stoffwechsel in M\u00fcnchen | ZES\",\"isPartOf\":{\"@id\":\"https:\\\/\\\/endokrinologie.bayern\\\/analysenlabor\\\/#website\"},\"datePublished\":\"2024-07-01T11:11:40+00:00\",\"dateModified\":\"2025-12-10T09:21:29+00:00\",\"description\":\"Ihr Speziallabor f\u00fcr Hormon-, Stoffwechsel- & Lipidanalysen in M\u00fcnchen. Pr\u00e4zise Diagnostik & Expertenwissen im ZES \u2013 jetzt mehr erfahren!\",\"breadcrumb\":{\"@id\":\"https:\\\/\\\/endokrinologie.bayern\\\/analysenlabor\\\/#breadcrumb\"},\"inLanguage\":\"de\",\"potentialAction\":[{\"@type\":\"ReadAction\",\"target\":[\"https:\\\/\\\/endokrinologie.bayern\\\/analysenlabor\\\/\"]}]},{\"@type\":\"BreadcrumbList\",\"@id\":\"https:\\\/\\\/endokrinologie.bayern\\\/analysenlabor\\\/#breadcrumb\",\"itemListElement\":[{\"@type\":\"ListItem\",\"position\":1,\"name\":\"Startseite\",\"item\":\"https:\\\/\\\/endokrinologie.bayern\\\/analysenlabor\\\/\"},{\"@type\":\"ListItem\",\"position\":2,\"name\":\"Startseite\"}]},{\"@type\":\"WebSite\",\"@id\":\"https:\\\/\\\/endokrinologie.bayern\\\/analysenlabor\\\/#website\",\"url\":\"https:\\\/\\\/endokrinologie.bayern\\\/analysenlabor\\\/\",\"name\":\"Zentrum f\u00fcr Endokrinologie und Stoffwechsel M\u00fcnchen\",\"description\":\"Hormone im Gleichgewicht\",\"potentialAction\":[{\"@type\":\"SearchAction\",\"target\":{\"@type\":\"EntryPoint\",\"urlTemplate\":\"https:\\\/\\\/endokrinologie.bayern\\\/analysenlabor\\\/?s={search_term_string}\"},\"query-input\":{\"@type\":\"PropertyValueSpecification\",\"valueRequired\":true,\"valueName\":\"search_term_string\"}}],\"inLanguage\":\"de\"}]}<\/script>\n<!-- \/ Yoast SEO plugin. -->","yoast_head_json":{"title":"Analysenlabor f\u00fcr Endokrinologie & Stoffwechsel in M\u00fcnchen | ZES","description":"Ihr Speziallabor f\u00fcr Hormon-, Stoffwechsel- & Lipidanalysen in M\u00fcnchen. Pr\u00e4zise Diagnostik & Expertenwissen im ZES \u2013 jetzt mehr erfahren!","robots":{"index":"index","follow":"follow","max-snippet":"max-snippet:-1","max-image-preview":"max-image-preview:large","max-video-preview":"max-video-preview:-1"},"canonical":"https:\/\/endokrinologie.bayern\/analysenlabor\/","og_locale":"de_DE","og_type":"article","og_title":"Analysenlabor f\u00fcr Endokrinologie & Stoffwechsel in M\u00fcnchen | ZES","og_description":"Ihr Speziallabor f\u00fcr Hormon-, Stoffwechsel- & Lipidanalysen in M\u00fcnchen. Pr\u00e4zise Diagnostik & Expertenwissen im ZES \u2013 jetzt mehr erfahren!","og_url":"https:\/\/endokrinologie.bayern\/analysenlabor\/","og_site_name":"Analysenlabor","article_modified_time":"2025-12-10T09:21:29+00:00","twitter_card":"summary_large_image","schema":{"@context":"https:\/\/schema.org","@graph":[{"@type":"WebPage","@id":"https:\/\/endokrinologie.bayern\/analysenlabor\/","url":"https:\/\/endokrinologie.bayern\/analysenlabor\/","name":"Analysenlabor f\u00fcr Endokrinologie & Stoffwechsel in M\u00fcnchen | ZES","isPartOf":{"@id":"https:\/\/endokrinologie.bayern\/analysenlabor\/#website"},"datePublished":"2024-07-01T11:11:40+00:00","dateModified":"2025-12-10T09:21:29+00:00","description":"Ihr Speziallabor f\u00fcr Hormon-, Stoffwechsel- & Lipidanalysen in M\u00fcnchen. Pr\u00e4zise Diagnostik & Expertenwissen im ZES \u2013 jetzt mehr erfahren!","breadcrumb":{"@id":"https:\/\/endokrinologie.bayern\/analysenlabor\/#breadcrumb"},"inLanguage":"de","potentialAction":[{"@type":"ReadAction","target":["https:\/\/endokrinologie.bayern\/analysenlabor\/"]}]},{"@type":"BreadcrumbList","@id":"https:\/\/endokrinologie.bayern\/analysenlabor\/#breadcrumb","itemListElement":[{"@type":"ListItem","position":1,"name":"Startseite","item":"https:\/\/endokrinologie.bayern\/analysenlabor\/"},{"@type":"ListItem","position":2,"name":"Startseite"}]},{"@type":"WebSite","@id":"https:\/\/endokrinologie.bayern\/analysenlabor\/#website","url":"https:\/\/endokrinologie.bayern\/analysenlabor\/","name":"Zentrum f\u00fcr Endokrinologie und Stoffwechsel M\u00fcnchen","description":"Hormone im Gleichgewicht","potentialAction":[{"@type":"SearchAction","target":{"@type":"EntryPoint","urlTemplate":"https:\/\/endokrinologie.bayern\/analysenlabor\/?s={search_term_string}"},"query-input":{"@type":"PropertyValueSpecification","valueRequired":true,"valueName":"search_term_string"}}],"inLanguage":"de"}]}},"_links":{"self":[{"href":"https:\/\/endokrinologie.bayern\/analysenlabor\/wp-json\/wp\/v2\/pages\/5","targetHints":{"allow":["GET"]}}],"collection":[{"href":"https:\/\/endokrinologie.bayern\/analysenlabor\/wp-json\/wp\/v2\/pages"}],"about":[{"href":"https:\/\/endokrinologie.bayern\/analysenlabor\/wp-json\/wp\/v2\/types\/page"}],"author":[{"embeddable":true,"href":"https:\/\/endokrinologie.bayern\/analysenlabor\/wp-json\/wp\/v2\/users\/1"}],"replies":[{"embeddable":true,"href":"https:\/\/endokrinologie.bayern\/analysenlabor\/wp-json\/wp\/v2\/comments?post=5"}],"version-history":[{"count":135,"href":"https:\/\/endokrinologie.bayern\/analysenlabor\/wp-json\/wp\/v2\/pages\/5\/revisions"}],"predecessor-version":[{"id":1218,"href":"https:\/\/endokrinologie.bayern\/analysenlabor\/wp-json\/wp\/v2\/pages\/5\/revisions\/1218"}],"wp:attachment":[{"href":"https:\/\/endokrinologie.bayern\/analysenlabor\/wp-json\/wp\/v2\/media?parent=5"}],"wp:term":[{"taxonomy":"standort","embeddable":true,"href":"https:\/\/endokrinologie.bayern\/analysenlabor\/wp-json\/wp\/v2\/standort?post=5"}],"curies":[{"name":"wp","href":"https:\/\/api.w.org\/{rel}","templated":true}]}}